 14) to base 16
3
-4 (base 10) to base 7
-4
What is 0 (base 8) in base 15?
0
Convert 7 (base 12) to base 11.
7
-244 (base 5) to base 11
-68
Convert 6 (base 10) to base 9.
6
2 (base 7) to base 9
2
Convert -2 (base 11) to base 14.
-2
What is 15 (base 11) in base 12?
14
140 (base 5) to base 10
45
What is -4 (base 7) in base 5?
-4
Convert -25 (base 8) to base 13.
-18
What is 142 (base 9) in base 10?
119
What is 17 (base 8) in base 9?
16
Convert 0 (base 6) to base 4.
0
Convert -15 (base 13) to base 3.
-200
-1 (base 6) to base 15
-1
34 (base 6) to base 11
20
Convert 1 (base 8) to base 16.
1
1 (base 4) to base 12
1
What is -b (base 16) in base 13?
-b
Convert -1 (base 6) to base 12.
-1
What is -2211 (base 3) in base 13?
-5b
-10 (base 9) to base 10
-9
d (base 15) to base 8
15
What is -69 (base 10) in base 14?
-4d
Convert 6 (base 13) to base 3.
20
Convert -14 (base 10) to base 6.
-22
Convert -6 (base 10) to base 14.
-6
What is -112 (base 4) in base 5?
-42
What is -1 (base 5) in base 8?
-1
What is -331 (base 4) in base 2?
-111101
What is 3 (base 11) in base 4?
3
16 (base 12) to base 4
102
-107 (base 16) to base 8
-407
Convert 33 (base 8) to base 13.
21
Convert -4 (base 5) to base 9.
-4
What is 4 (base 15) in base 11?
4
-112 (base 5) to base 9
-35
55 (base 6) to base 13
29
Convert -2232 (base 5) to base 7.
-632
Convert -314 (base 5) to base 2.
-1010100
What is 6 (base 9) in base 11?
6
What is 95 (base 12) in base 5?
423
-117 (base 14) to base 12
-161
Convert 2 (base 3) to base 4.
2
-20 (base 6) to base 11
-11
Convert 46 (base 9) to base 14.
30
What is 4 (base 12) in base 4?
10
0 (base 2) to base 7
0
Convert b8 (base 13) to base 4.
2113
What is 100 (base 3) in base 15?
9
Convert -8c (base 15) to base 3.
-11220
What is -2 (base 4) in base 6?
-2
Convert 1110111 (base 2) to base 12.
9b
12 (base 3) to base 4
11
120 (base 3) to base 11
14
1213 (base 6) to base 4
10221
-48 (base 13) to base 14
-44
What is -44 (base 12) in base 14?
-3a
-2 (base 3) to base 10
-2
Convert -4 (base 13) to base 5.
-4
Convert 13 (base 6) to base 2.
1001
What is 0 (base 6) in base 10?
0
-35 (base 10) to base 5
-120
What is 4 (base 5) in base 13?
4
What is 2020 (base 3) in base 9?
66
What is -6b (base 13) in base 16?
-59
Convert 2 (base 15) to base 14.
2
What is -6 (base 10) in base 4?
-12
-25 (base 6) to base 13
-14
-1 (base 12) to base 11
-1
What is 21 (base 7) in base 10?
15
0 (base 14) to base 15
0
Convert 3 (base 7) to base 14.
3
Convert 10110 (base 2) to base 15.
17
-5 (base 13) to base 8
-5
What is 4 (base 16) in base 2?
100
What is 1011 (base 2) in base 13?
b
1133 (base 4) to base 7
164
1102 (base 3) to base 2
100110
2014 (base 6) to base 8
672
What is 334 (base 7) in base 12?
124
Convert 0 (base 13) to base 3.
0
Convert -7 (base 8) to base 11.
-7
Convert 0 (base 8) to base 7.
0
What is 51 (base 15) in base 5?
301
-3 (base 5) to base 14
-3
What is -4 (base 8) in base 4?
-10
What is -225 (base 7) in base 9?
-140
Convert -1102 (base 4) to base 6.
-214
7 (base 14) to base 10
7
-44 (base 10) to base 3
-1122
-6 (base 15) to base 8
-6
What is 15 (base 9) in base 14?
10
What is 1 (base 12) in base 16?
1
0 (base 16) to base 14
0
What is -ca (base 13) in base 15?
-b1
11 (base 4) to base 11
5
Convert -15 (base 11) to base 7.
-22
What is -13 (base 4) in base 14?
-7
Convert 9 (base 10) to base 15.
9
What is 2 (base 8) in base 4?
2
What is 1 (base 12) in base 14?
1
Convert -1101 (base 3) to base 11.
-34
What is -61 (base 7) in base 9?
-47
-4 (base 14) to base 10
-4
Convert -4 (base 7) to base 12.
-4
Convert -4 (base 16) to base 9.
-4
What is 1 (base 15) in base 7?
1
What is -b (base 13) in base 11?
-10
Convert 23 (base 4) to base 7.
14
What is 14 (base 14) in base 10?
18
Convert 4 (base 16) to base 2.
100
-13 (base 15) to base 10
-18
What is 1 (base 7) in base 14?
1
What is 3 (base 7) in base 3?
10
Convert -34 (base 7) to base 4.
-121
Convert -9 (base 14) to base 15.
-9
-29 (base 16) to base 13
-32
Convert -432 (base 8) to base 12.
-1b6
What is -2a (base 12) in base 15?
-24
1 (base 14) to base 7
1
What is -333 (base 4) in base 12?
-53
Convert -31 (base 9) to base 3.
-1001
Convert -1111011 (base 2) to base 14.
-8b
Convert -7 (base 8) to base 12.
-7
What is 10 (base 4) in base 11?
4
What is -122 (base 5) in base 13?
-2b
What is 1 (base 3) in base 5?
1
Convert -1d (base 14) to base 8.
-33
Convert -2 (base 14) to base 5.
-2
What is 2 (base 10) in base 13?
2
What is 26 (base 11) in base 7?
40
159 (base 13) to base 4
3303
Convert -6 (base 14) to base 13.
-6
What is 401 (base 7) in base 16?
c5
What is 1e (base 15) in base 9?
32
Convert -10 (base 5) to base 9.
-5
What is 3 (base 4) in base 7?
3
What is -2a (base 14) in base 7?
-53
1 (base 15) to base 9
1
Convert -2 (base 12) to base 6.
-2
What is 1a7 (base 12) in base 16?
10f
Convert -b5 (base 15) to base 13.
-101
What is 0 (base 8) in base 4?
0
What is 2 (base 12) in base 9?
2
What is 1101 (base 3) in base 6?
101
Convert -8 (base 12) to base 13.
-8
-14 (base 12) to base 3
-121
-2 (base 11) to base 14
-2
-57 (base 15) to base 13
-64
Convert 21 (base 3) to base 2.
111
Convert 25 (base 9) to base 6.
35
Convert 6 (base 7) to base 12.
6
What is 2003 (base 4) in base 14?
95
Convert -3 (base 8) to base 12.
-3
24 (base 9) to base 8
26
1000011 (base 2) to base 11
61
What is 6 (base 15) in base 16?
6
Convert -3 (base 8) to base 15.
-3
Convert 5 (base 6) to base 14.
5
Convert -3 (base 7) to base 9.
-3
Convert 2 (base 11) to base 5.
2
110 (base 2) to base 9
6
What is -2 (base 15) in base 5?
-2
-2 (base 6) to base 15
-2
Convert -1022 (base 4) to base 15.
-4e
What is 1 (base 7) in base 2?
1
-96 (base 15) to base 11
-119
Convert -6a (base 11) to base 16.
-4c
What is -3 (base 8) in base 15?
-3
What is -3 (base 5) in base 14?
-3
What is 17 (base 10) in base 13?
14
Convert 1 (base 7) to base 15.
1
Convert -150 (base 15) to base 13.
-1a1
-5 (base 12) to base 16
-5
Convert -2 (base 9) to base 4.
-2
Convert -1 (base 14) to base 16.
-1
22 (base 4) to base 3
101
What is 3 (base 8) in base 5?
3
Convert 5 (base 16) to base 15.
5
What is -4 (base 12) in base 15?
-4
Convert 55 (base 13) to base 3.
2121
What is 13 (base 12) in base 8?
17
-110 (base 6) to base 8
-52
-3 (base 7) to base 12
-3
What is 0 (base 15) in base 3?
0
Convert 1 (base 3) to base 10.
1
Convert 4 (base 9) to base 14.
4
What is 25 (base 6) in base 11?
16
Convert -7 (base 10) to base 15.
-7
Convert 1 (base 7) to base 2.
1
14 (base 11) to base 3
120
What is 16 (base 11) in base 2?
10001
-2 (base 9) to base 7
-2
3 (base 16) to base 15
3
Convert 8 (base 15) to base 7.
11
What is 80 (base 9) in base 6?
200
Convert -3 (base 11) to base 10.
-3
What is 3 (base 12) in base 5?
3
What is -34 (base 8) in base 9?
-31
Convert 21 (base 15) to base 12.
27
Convert a (base 14) to base 3.
101
What is -32 (base 4) in base 16?
-e
1 (base 12) to base 11
1
Convert 22 (base 12) to base 14.
1c
Convert -41 (base 8) to base 5.
-113
Convert 140 (base 14) to base 15.
11c
Convert -a (base 14) to base 3.
-101
What is 25 (base 6) in base 13?
14
5a (base 11) to base 12
55
What is 0 (base 3) in base 11?
0
What is -101100 (base 2) in base 6?
-112
What is -1201 (base 4) in base 15?
-67
What is -19 (base 12) in base 4?
-111
What is -10 (base 6) in base 2?
-110
Convert 4 (base 13) to base 2.
100
What is 4 (base 6) in base 9?
4
Convert -5 (base 16) to base 3.
-12
Convert -22011 (base 3) to base 5.
-1340
What is 56 (base 7) in base 12?
35
Convert -5 (base 7) to base 3.
-12
Convert 2 (base 12) to base 13.
2
What is -e (base 15) in base 4?
-32
What is 1 (base 10) in base 5?
1
-2012 (base 3) to base 4
-323
What is 2 (base 8) in base 14?
2
What is b4 (base 12) in base 8?
210
Convert -5 (base 7) to base 12.
-5
Convert 233 (base 4) to base 8.
57
What is 35 (base 9) in base 4?
200
What is -10111 (base 2) in base 6?
-35
Convert -21 (base 3) to base 6.
-11
What is -4 (base 9) in base 4?
-10
Convert -2 (base 6) to base 10.
-2
Convert -22 (base 6) to base 13.
-11
What is 12 (base 4) in base 6?
10
Convert 2210 (base 4) to base 9.
202
What is 110 (base 5) in base 9?
33
Convert -14 (base 8) to base 3.
-110
Convert 424 (base 5) to base 9.
136
Convert -2 (base 10) to base 6.
-2
What is -5 (base 7) in base 6?
-5
12 (base 8) to base 11
a
10 (base 15) to base 16